 is the greatest common divisor of 30624 and 435?
87
Calculate the highest common divisor of 134186 and 676.
338
What is the highest common factor of 52 and 1020981?
13
What is the greatest common factor of 666 and 46962?
18
Calculate the highest common divisor of 140 and 962430.
70
What is the highest common factor of 5655 and 13920?
435
What is the greatest common factor of 90 and 162570?
30
What is the highest common divisor of 56076 and 12?
12
What is the greatest common divisor of 3333420 and 27?
27
What is the greatest common factor of 148 and 52244?
148
Calculate the greatest common factor of 61579 and 133.
133
Calculate the highest common factor of 98421 and 22578.
159
What is the greatest common divisor of 618 and 397786?
206
What is the greatest common divisor of 29445 and 115635?
195
Calculate the highest common factor of 1745 and 1475.
5
Calculate the greatest common factor of 57344 and 7.
7
Calculate the highest common divisor of 20910 and 165.
15
What is the highest common divisor of 1612 and 871?
13
What is the greatest common factor of 32688 and 12?
12
Calculate the greatest common divisor of 40458 and 3036.
66
Calculate the highest common divisor of 13 and 581789.
13
What is the greatest common divisor of 24626 and 357?
7
What is the greatest common factor of 60585 and 14?
7
Calculate the greatest common divisor of 66 and 47028.
6
Calculate the highest common factor of 11895 and 45.
15
What is the highest common divisor of 272 and 37621?
17
Calculate the greatest common divisor of 176 and 3312.
16
Calculate the greatest common divisor of 138253 and 69.
23
Calculate the greatest common factor of 665 and 945.
35
Calculate the highest common divisor of 10692 and 4131.
243
What is the greatest common factor of 2052 and 1242?
54
Calculate the highest common factor of 246127 and 637.
49
What is the greatest common factor of 37841 and 316?
79
What is the greatest common factor of 23987 and 2601?
289
What is the highest common factor of 250387 and 58466?
1271
What is the greatest common divisor of 515500 and 500?
500
Calculate the greatest common factor of 1590 and 6943.
53
Calculate the highest common factor of 69 and 51840.
3
Calculate the greatest common divisor of 403 and 218209.
31
What is the greatest common factor of 888 and 73149?
111
What is the greatest common divisor of 40 and 1027320?
40
What is the greatest common divisor of 106072 and 40?
8
Calculate the highest common factor of 2451696 and 624.
624
Calculate the greatest common factor of 1274 and 65078.
26
What is the highest common divisor of 326685 and 870?
435
What is the highest common divisor of 268 and 17324?
4
What is the highest common factor of 900848 and 2196?
244
Calculate the highest common factor of 710 and 426.
142
Calculate the greatest common divisor of 28865 and 4439.
23
What is the highest common factor of 32 and 224240?
16
What is the greatest common divisor of 132 and 195162?
66
Calculate the highest common factor of 2889 and 24396.
321
Calculate the highest common divisor of 64 and 300544.
64
What is the greatest common divisor of 407078 and 7?
7
Calculate the greatest common divisor of 88 and 857032.
88
What is the highest common factor of 870 and 4176?
174
Calculate the greatest common factor of 112 and 22183.
7
Calculate the greatest common factor of 1330 and 6265.
35
What is the greatest common divisor of 2176 and 5219?
17
What is the greatest common divisor of 1836 and 1620?
108
Calculate the greatest common factor of 254919 and 8967.
1281
Calculate the greatest common divisor of 8086 and 3172.
26
What is the highest common divisor of 656 and 84?
4
Calculate the highest common factor of 2572 and 564.
4
Calculate the greatest common factor of 901822 and 482.
482
What is the greatest common divisor of 688 and 21113?
43
Calculate the highest common factor of 900735 and 330.
165
Calculate the highest common divisor of 134389 and 2645.
23
What is the greatest common divisor of 122550 and 50?
50
What is the greatest common factor of 962558 and 1086?
362
What is the highest common factor of 87480 and 360?
360
What is the greatest common factor of 114950 and 825?
275
Calculate the highest common factor of 54 and 70902.
54
Calculate the highest common divisor of 2384 and 28757.
149
Calculate the greatest common divisor of 2250 and 5955.
15
Calculate the greatest common divisor of 86525 and 25.
25
Calculate the greatest common factor of 33280 and 1152.
128
Calculate the greatest common factor of 19865 and 4205.
145
What is the greatest common factor of 220912 and 64?
16
Calculate the highest common factor of 44 and 148.
4
What is the greatest common factor of 4304 and 31742?
538
What is the greatest common divisor of 42631 and 13891?
479
Calculate the highest common divisor of 17 and 45968.
17
Calculate the highest common factor of 18758 and 34196.
166
What is the greatest common divisor of 116 and 678716?
116
Calculate the highest common factor of 300 and 103325.
25
Calculate the highest common factor of 4970 and 40.
10
What is the highest common divisor of 3084 and 9?
3
What is the highest common factor of 10528 and 80?
16
Calculate the greatest common factor of 28 and 384888.
28
Calculate the highest common divisor of 79905 and 105.
105
Calculate the greatest common factor of 172431 and 21.
21
Calculate the highest common divisor of 59 and 325621.
59
Calculate the greatest common divisor of 80 and 17090.
10
What is the greatest common factor of 1652 and 66612?
28
What is the greatest common divisor of 392 and 39536?
56
What is the highest common divisor of 240 and 2095?
5
What is the highest common factor of 8 and 1621?
1
Calculate the greatest common divisor of 35394 and 1122.
102
What is the greatest common factor of 4368 and 49056?
336
What is the greatest common divisor of 13563 and 396?
99
Calculate the highest common divisor of 253260 and 540.
540
What is the greatest common factor of 635090 and 164?
82
What is the highest common factor of 37454 and 366?
122
What is the highest common factor of 120625 and 193?
193
Calculate the highest common factor of 36074 and 306.
34
What is the greatest common divisor of 148 and 273356?
148
What is the highest common factor of 270903 and 219?
219
What is the highest common factor of 21106 and 29158?
122
What is the greatest common divisor of 93 and 583854?
93
Calculate the highest common factor of 1047657 and 52.
13
Calculate the highest common divisor of 57 and 247.
19
What is the highest common divisor of 122529 and 705?
141
Calculate the greatest common divisor of 90344 and 5888.
184
What is the greatest common factor of 295555 and 13?
13
Calculate the highest common factor of 1937 and 25777.
149
What is the highest common factor of 1290 and 14706?
258
What is the highest common factor of 8153 and 93?
31
Calculate the highest common factor of 26609 and 5371.
41
What is the highest common factor of 1352 and 352196?
676
What is the highest common divisor of 1400 and 1471120?
280
What is the greatest common divisor of 94 and 525554?
94
What is the greatest common factor of 37 and 54649?
37
Calculate the greatest common factor of 1410 and 4296270.
1410
Calculate the greatest common divisor of 405 and 15957.
81
Calculate the highest common divisor of 22 and 6051397.
11
What is the greatest common factor of 792 and 9168?
24
Calculate the greatest common factor of 83614 and 970.
194
What is the greatest common divisor of 50809 and 29353?
149
Calculate the greatest common divisor of 110 and 962665.
55
Calculate the highest common divisor of 235 and 27.
1
What is the greatest common divisor of 192 and 3012?
12
Calculate the highest common factor of 272 and 46880.
16
What is the greatest common divisor of 109045 and 1695?
565
Calculate the greatest common factor of 955 and 185.
5
What is the highest common factor of 10667 and 2?
1
What is the greatest common factor of 7999 and 152?
19
What is the highest common divisor of 801435 and 1010?
505
Calculate the highest common divisor of 3056 and 223852.
764
Calculate the greatest common factor of 55 and 6205.
5
What is the highest common factor of 1320 and 1480?
40
Calculate the highest common factor of 66 and 4032171.
33
Calculate the highest common factor of 4415